
2a3b
Convert 20216 (base 7) to base 9.
6658
Convert 183a9 (base 11) to base 9.
38314
254 (base 9) to base 11
182
1960 (base 10) to base 16
7a8
What is 22114 (base 8) in base 14?
355a
1747 (base 10) to base 16
6d3
Convert -3b8 (base 15) to base 2.
-1101010000
-8b80 (base 12) to base 5
-444004
Convert -103d1 (base 16) to base 12.
-325a9
1001001110101110 (base 2) to base 12
19a66
What is 1433404 (base 5) in base 16?
770f
What is -238a (base 15) in base 11?
-5749
20010 (base 4) to base 2
1000000100
430 (base 13) to base 15
32a
1810 (base 9) to base 15
626
What is 47 (base 15) in base 9?
74
Convert 24640 (base 10) to base 13.
b2a5
Convert -1307 (base 9) to base 3.
-1100021
What is 21d (base 16) in base 15?
261
What is -233331 (base 5) in base 9?
-12705
Convert -12a0 (base 11) to base 14.
-883
-23223032 (base 4) to base 6
-1005222
What is -70333 (base 8) in base 6?
-341431
Convert -33323 (base 4) to base 11.
-847
Convert -553430 (base 6) to base 8.
-132132
-210021 (base 3) to base 15
-284
What is 20201220 (base 4) in base 14?
ca24
Convert -2938 (base 15) to base 4.
-2021330
What is 5ce3 (base 15) in base 12?
b550
-7632 (base 13) to base 10
-16434
-100010110111000 (base 2) to base 10
-17848
3013 (base 4) to base 13
124
Convert -1111011111100001 (base 2) to base 12.
-30881
Convert 25120 (base 13) to base 14.
1ac6a
-6354 (base 7) to base 2
-100011000100
-349 (base 15) to base 5
-10434
What is -914 (base 14) in base 3?
-2110000
-200133 (base 4) to base 6
-13343
b1d (base 14) to base 2
100010000111
-256 (base 14) to base 4
-13110
What is -504c (base 15) in base 13?
-7938
Convert 113 (base 16) to base 9.
335
What is -21402 (base 7) in base 9?
-7286
158c (base 13) to base 11
2411
2507 (base 8) to base 12
947
1000001010 (base 2) to base 14
294
-10100000100110 (base 2) to base 12
-5b46
Convert 10a (base 15) to base 8.
353
Convert -73f2 (base 16) to base 5.
-1422212
-575 (base 8) to base 12
-279
-31021 (base 7) to base 8
-16611
2212 (base 4) to base 7
325
45512 (base 6) to base 10
6452
9e8 (base 16) to base 9
3427
What is 22de (base 16) in base 11?
6785
Convert 34042 (base 7) to base 5.
233410
Convert 71e (base 16) to base 8.
3436
Convert 4312 (base 13) to base 6.
111034
What is -11222122 (base 3) in base 9?
-4878
What is -72 (base 9) in base 14?
-49
-565 (base 8) to base 6
-1421
What is 64320 (base 7) in base 6?
201443
Convert 37 (base 14) to base 2.
110001
40b (base 13) to base 8
1257
Convert -ecd7 (base 15) to base 9.
-75714
What is -377 (base 13) in base 12?
-425
Convert -666 (base 9) to base 7.
-1410
Convert -46673 (base 8) to base 7.
-112005
What is 1033012 (base 4) in base 12?
2b1a
What is -292 (base 10) in base 7?
-565
10 (base 7) to base 6
11
-10 (base 14) to base 6
-22
Convert -41150 (base 7) to base 14.
-3927
Convert -32207 (base 9) to base 4.
-11030332
-545 (base 11) to base 2
-1010001110
Convert 3303 (base 5) to base 4.
13011
329 (base 11) to base 5
3034
-1202100100 (base 3) to base 4
-20123103
Convert -10211 (base 5) to base 6.
-3053
What is 612 (base 13) in base 16?
405
Convert -984 (base 16) to base 6.
-15140
-101322 (base 4) to base 16
-47a
What is -1c10 (base 14) in base 9?
-7007
What is 351 (base 15) in base 5?
11001
Convert 1283 (base 11) to base 16.
680
What is -befd (base 16) in base 7?
-262355
-38 (base 13) to base 7
-65
173 (base 11) to base 7
405
26136 (base 7) to base 2
1101100011000
What is -522 (base 15) in base 12?
-805
-10 (base 6) to base 16
-6
Convert 1212002 (base 4) to base 7.
25016
-960 (base 11) to base 3
-1120210
What is 12324 (base 8) in base 16?
14d4
Convert 113f2 (base 16) to base 8.
211762
238a (base 15) to base 4
1312003
What is 150321 (base 7) in base 16?
712e
-d1a (base 15) to base 11
-2242
-1120053 (base 6) to base 11
-39960
-143250 (base 6) to base 5
-414320
Convert 153 (base 11) to base 5.
1204
What is 2213 (base 5) in base 11?
260
Convert 394 (base 13) to base 16.
274
1011012 (base 3) to base 9
1135
-37789 (base 10) to base 12
-19a51
-2415 (base 6) to base 14
-2dd
Convert -242a (base 13) to base 4.
-1033302
What is 6093 (base 15) in base 9?
30863
Convert 12652 (base 7) to base 16.
d5a
-827 (base 12) to base 14
-607
Convert -39d (base 15) to base 2.
-1100110111
What is 3152 (base 13) in base 10?
6827
Convert 1805 (base 9) to base 15.
622
-2013 (base 5) to base 14
-146
What is 30521 (base 6) in base 10?
4081
Convert 3362 (base 9) to base 2.
100110110110
What is -34752 (base 9) in base 2?
-101101010101101
What is 7374 (base 8) in base 15?
120b
What is 2172 (base 8) in base 13?
6a2
What is 84 (base 10) in base 3?
10010
-1000110 (base 3) to base 15
-346
16602 (base 7) to base 4
1022103
Convert -604 (base 8) to base 6.
-1444
298 (base 12) to base 14
20c
-2251 (base 6) to base 8
-1027
Convert -11001100000 (base 2) to base 3.
-2020110
-32103 (base 4) to base 2
-1110010011
-100010100011 (base 2) to base 4
-202203
What is -24341 (base 5) in base 6?
-12314
What is 1754 (base 15) in base 10?
5029
What is 33365 (base 9) in base 4?
11122130
Convert -191 (base 12) to base 11.
-210
Convert 110312 (base 4) to base 8.
2466
What is -33021 (base 4) in base 12?
-689
-7b93 (base 13) to base 3
-212210220
Convert 102012000 (base 3) to base 13.
3933
1012211 (base 3) to base 11
736
What is 25144 (base 7) in base 2?
1100111000110
2 (base 4) to base 2
10
-5a3a (base 12) to base 2
-10011110001110
What is -1100101001 (base 2) in base 10?
-809
Convert -523 (base 9) to base 4.
-12222
What is 6281 (base 9) in base 7?
16303
-31806 (base 9) to base 13
-9786
-16 (base 7) to base 8
-15
Convert 32322233 (base 4) to base 8.
167257
Convert 1001011110 (base 2) to base 10.
606
Convert -435032 (base 6) to base 14.
-d220
Convert -1644a (base 12) to base 11.
-21933
Convert 900 (base 11) to base 15.
4c9
What is -7926 (base 11) in base 13?
-4998
-18ba6 (base 12) to base 10
-36270
What is -501 (base 14) in base 7?
-2601
What is -15614 (base 9) in base 15?
-328a
Convert -10011 (base 4) to base 13.
-171
What is -7205 (base 12) in base 13?
-5840
Convert -10201 (base 5) to base 15.
-301
What is 110010111011 (base 2) in base 8?
6273
122331 (base 4) to base 10
1725
What is -142410 (base 5) in base 3?
-22012111
What is 275 (base 8) in base 2?
10111101
What is 554 (base 6) in base 5?
1324
Convert -29929 (base 11) to base 13.
-163a1
Convert -15212 (base 8) to base 6.
-51242
2333 (base 13) to base 10
4943
Convert -248 (base 13) to base 15.
-1b8
What is -31304 (base 6) in base 11?
-3193
What is -65111 (base 7) in base 3?
-211012012
Convert -10021111 (base 4) to base 3.
-212021221
What is -2420 (base 5) in base 13?
-219
Convert 7a1 (base 11) to base 9.
1274
Convert -331010 (base 5) to base 4.
-2301310
Convert 1810 (base 15) to base 14.
1c6a
What is -1023121 (base 5) in base 3?
-212201020
What is -7669 (base 11) in base 7?
-41333
What is 3713 (base 11) in base 16?
12f6
-30647 (base 12) to base 5
-4010002
What is 561 (base 7) in base 12?
200
100100001010010 (base 2) to base 9
27351
Convert 32130 (base 4) to base 16.
39c
Convert -4100121 (base 5) to base 15.
-146c6
9286 (base 10) to base 4
2101012
Convert -16a6 (base 11) to base 5.
-32143
What is 96a (base 16) in base 4?
211222
104430 (base 5) to base 14
1512
What is -3622 (base 8) in base 14?
-9c6
-110001110000 (base 2) to base 11
-2435
What is 2d3 (base 15) in base 6?
3000
c8 (base 14) to base 16
b0
1a040 (base 13) to base 5
3104313
Convert 1102020 (base 5) to base 8.
45102
What is 360 (base 8) in base 16?
f0
Convert -120301 (base 4) to base 16.
-631
Convert -13126 (base 7) to base 9.
-4717
Convert -43005 (base 9) to base 8.
-67424
-1872 (base 11) to base 14
-c1c
What is -60a (base 15) in base 13?
-808
What is -767 (base 12) in base 5?
-13322
Convert -c7 (base 13) to base 8.
-243
What is 5823 (base 9) in base 7?
15402
1542 (base 8) to base 5
11431
1144 (base 8) to base 6
2500
-10583 (base 10) to base 14
-3bdd
-45627 (base 10) to base 4
-23020323
Convert -3222 (base 6) to base 2.
-1011011110
What is -221b (base 16) in base 5?
-234411
What is -6600 (base 7) in base 14?
-c00
What is 10101001100 (base 2) in base 3?
1212020
-67654 (base 8) to base 2
-110111110101100
What is 5850 (base 14) in base 5?
442413
What is 7a7 (base 14) in base 16?
5ef
What is -123c (base 13) in base 6?
-15550
-1133 (base 4) to base 13
-74
Conver